- 8. What is y(k)?
0
Let h(l) = -2 - 3 - 50*l - 7 + 52*l. What is h(5)?
-2
Let q(r) = -r - 2. Let x(v) = 16*v + 26. Let t(n) = 12*q(n) + x(n). Determine t(-2).
-6
Let w(d) = d**2 - 2*d. Let y(s) = -s**3 + 12*s**2 - 35*s + 26. Let c be y(8). Give w(c).
0
Let d(r) = -r - 1. Let y(z) = 5*z + 2. Let l(j) = 6*d(j) + y(j). Let b be (-2563)/(-121) + 4/(-22). Let i = b + -27. Determine l(i).
2
Let p = -22 + 29. Let x(d) = -d**3 + 6*d**2 + 6*d + 4. Give x(p).
-3
Let g(r) be the second derivative of -3*r**3/2 + 13*r**2/2 - 170*r. Give g(2).
-5
Let x = 274 + -275. Let h(j) = 3*j**2 + 3. Let o(w) = -12*w**2 - 13. Let u(n) = 9*h(n) + 2*o(n). What is u(x)?
4
Let d(g) = 13*g**3 - 11*g**2 - g + 4. Let r(z) = -17*z**3 + 12*z**2 + z - 5. Let p(u) = 4*d(u) + 3*r(u). Calculate p(8).
-7
Let j(a) = a**2 + 9*a - 9. Let q be j(-10). Let l(p) = -p**2 + 2*p - q + 3 - p - 2*p. Give l(-2).
0
Let k = 15 + -13. Let l(t) = 2*t - t - 1 - k*t. Let b(p) = p**2 - 3*p - 1. Let v be b(4). Give l(v).
-4
Let y(a) be the first derivative of -a**2/2 + 9*a - 329. Suppose -2*q + 7 = -7. What is y(q)?
2
Let c = 35 - 33. Let p(d) = 8*d**2 - 2*d + 6*d**c + 41 - 40. Determine p(1).
13
Let s(u) = -100*u + 3 - 6 + 107*u - 6 - u**2. Suppose n = -0*a + 5*a - 10, -5*a = -4*n - 70. Let k = -14 - n. Determine s(k).
-3
Let y be ((-24)/(-16))/(9/12). Suppose -y*v - 2 = k, 0 = -2*k + 2*v - 3*v + 2. Suppose -3*z - 20 = k*z. Let t(l) = -l**3 - 6*l**2 - 6*l. Calculate t(z).
-8
Let s(f) be the second derivative of 2*f**3/3 + f. Suppose 0 = -54*i + 39*i + 30. Calculate s(i).
8
Let r(u) = -10*u - 27. Let j be r(-3). Let t(c) = j*c**2 + 5*c - 8*c**2 + 6*c**2 + 3. Give t(-4).
-1
Let r(q) = -q**3 - q. Let n(z) = -7*z**3 + 2*z**2 - 9*z + 1. Let t(d) = n(d) - 6*r(d). Let o = 3616 - 3614. Calculate t(o).
-5
Let a(r) be the second derivative of -3*r**5/4 + r**3/3 + r**2/2 - 205*r. Determine a(-1).
14
Let u be (21 + (2 - 0)*-1)*1. Suppose 3*p - 6 = -0*p. Let c(v) = 19*v - 2*v**p - u*v + 2. Give c(-2).
-6
Let d(j) = j**3 + 6*j**2 + 4*j - 1. Suppose -101*v + 107*v + 18 = 0. What is d(v)?
14
Let i(t) = t**2 + 32*t - 284. Let k be i(7). Let d(f) = -f**3 - 12*f**2 - 10*f + 22. Calculate d(k).
11
Let f(o) = 4*o**3 + 2*o**2 + 0*o**3 - 3*o**3 + 4*o + 2. Let z(p) = p + 3. Let j be z(0). Suppose -2*x + 3*m - 4 = 0, -2*x - 4 = -j*m + m. Give f(x).
-6
Let b(r) be the third derivative of r**5/60 - r**4/2 - r**3/6 - 20*r**2 - 5*r. What is b(11)?
-12
Let q(h) be the third derivative of -h**5/60 - 5*h**4/12 - 17*h**3/6 - 185*h**2. What is q(-5)?
8
Let h(g) be the first derivative of -g**3/3 - 5*g**2/2 + 5*g - 18. Suppose 10 + 8 = -3*o. What is h(o)?
-1
Let d be (-204)/(-10) + 48/560*7. Let v(b) = -b**3 + 20*b**2 + 22*b - 7. Calculate v(d).
14
Let y(b) be the third derivative of 0 - 3*b**2 + 0*b**4 - 1/180*b**6 + 0*b - 1/2*b**3 + 1/120*b**5. Let c(n) be the first derivative of y(n). Calculate c(2).
-6
Let v = -509 + 506. Let f(t) = t**2 + 2*t - 1. Determine f(v).
2
Let m(b) = 4*b + 3. Let h = 276 - 270. Give m(h).
27
Let i(h) be the third derivative of -h**5/60 + 7*h**4/24 - 7*h**3/6 + 615*h**2. Let t(x) = -x**2 + 6*x + 6. Let a be t(6). What is i(a)?
-1
Let t = 676 - 670. Let y(w) = -w**3 + 5*w**2 + 4*w + 8. Calculate y(t).
-4
Let k(x) = -3 + 4 + 190*x**2 - 183*x**2 + 8*x + 3 + x**3 + 2. What is k(-6)?
-6
Let p(c) = -3*c - 30. Let a be p(-13). Let t = 13 - a. Let j(i) = i**2 + 5*i - 4. Let n(u) = 2*u**2 + 5*u - 5. Let g(s) = 4*j(s) - 3*n(s). Give g(t).
-13
Let z(x) be the third derivative of x**7/5040 + x**6/240 - 19*x**5/30 + 9*x**2. Let c(q) be the third derivative of z(q). Give c(-2).
1
Let m(o) = -5*o**3 - 2*o - 1. Let d be m(-1). Let s = d + -1. Let l(x) = 4 - 2 + 3 + x - 6. Determine l(s).
4
Let t(d) = 28 - d**3 - d - 28 - d**2. Let q be t(-1). Let w(z) be the third derivative of -z**5/5 + z**4/24 + 6*z**2. Give w(q).
-11
Let q(o) be the third derivative of -1/24*o**4 - 4/3*o**3 + 11*o**2 + 0 + 0*o. What is q(-6)?
-2
Let b(t) be the first derivative of -11*t**3/3 + t + 1. Let o be 2/10 + 32/40. Give b(o).
-10
Let y(j) be the first derivative of -31*j**4/4 - j**3/3 + j**2 - j + 1. Calculate y(1).
-31
Let c(y) = y + 7. Let r(h) = -h**2 + h + 1. Suppose 8 = 3*l + 14. Let x be r(l). Determine c(x).
2
Let m(d) be the first derivative of -d**4/4 - d**3 + d**2 - d + 1. Suppose 176*v + 136 = 142*v. Calculate m(v).
7
Let p(d) = -9*d - 102. Let t(s) = -6*s - 71. Let c(l) = 5*p(l) - 7*t(l). Determine c(11).
-46
Let a(s) be the first derivative of s**4/4 + 2*s**3 - 3*s**2 - 64. What is a(-7)?
-7
Let g(j) be the first derivative of -3/2*j**2 + 0*j + 16. Determine g(-4).
12
Let l(c) = 15*c - 12*c**2 + 7 + 3*c + 12*c + 7*c - 23*c - c**3. Give l(-13).
-6
Let q(a) = -3*a. Let p(s) = s + 1. Let i(r) = -2*p(r) + q(r). Let v(w) = -w**3 + w**2 + w - 1. Let u be v(2). Calculate i(u).
13
Let a(q) = q**2 + 4*q - 5. Let i(n) = -3*n**2 - 11*n + 14. Let r(f) = 8*a(f) + 3*i(f). Let u(p) = -p + 5. Let c be u(6). Let j = -3 - c. What is r(j)?
0
Suppose -5*f + 4*f - 2*i = -8, 3*f = 5*i - 9. Let n be (-8)/(-1) + (-4)/f. Suppose -2*q + n*q + 12 = 0. Let m(c) = c**2 + 2*c. Calculate m(q).
3
Let f(j) = 2 - 15525*j + 31044*j - 15528*j. Determine f(-4).
38
Let u(g) be the first derivative of -3*g**2/2 - 3*g + 42. Let h(k) = -14*k - 13. Let d(c) = 6*h(c) - 26*u(c). Calculate d(1).
-6
Let p(y) = -y**2 - 5*y + 10. Suppose 3*t + 25 - 7 = -i, -3*i + 2*t - 10 = 0. What is p(i)?
4
Let n(q) = 2*q + 9. Let o(d) be the second derivative of d**3 + 13*d**2 + 11*d. Suppose -3*f + 0*f = 9. Let a(u) = f*o(u) + 8*n(u). What is a(-4)?
2
Suppose -v = -5*v - 8. Let y(o) = o**3 - o**2. Let j(q) = -2*q**3 + 6*q**2 + 2*q. Let b be 5 + (-6 - 2) - -4. Let u(t) = b*j(t) + 3*y(t). Calculate u(v).
0
Let y(z) = z - 6. Let f be y(7). Let b(x) = -38*x + 21*x + 28*x. What is b(f)?
11
Let i(d) = -6*d - 4. Let q = 62 - 63. Let u be -2 + 4/(-5) - q/(-5). Determine i(u).
14
Let d(l) = -4*l**2 - 2*l + 3. Let y = -40 - -41. Let r be d(y). Let o(g) = -g**3 - 3*g**2 - g + 2. Determine o(r).
5
Suppose 3 = x + 2*x. Let g(s) = -s. Let n(j) = -2*j - 7. Let p(b) = x*n(b) - g(b). Let c = -23 - -23. What is p(c)?
-7
Let i(q) = q**2 + 6*q + 5. Suppose -g + 7 = -4*k, 28*g + 3*k - 6 = 31*g. What is i(g)?
0
Let r be (-31 + 34)*14/6. Let i(v) = -v**3 + 7*v**2 - 4. Give i(r).
-4
Let q(b) = -b**3 + b**2 - 2*b + 2. Let a(t) = 2*t**2 - 9*t + 6. Let c(w) = -w + 16. Let l be c(12). Let y be a(l). What is q(y)?
-6
Suppose -5*n + 15 = 3*k + 2*k, 3*k + 2*n - 8 = 0. Let t(z) be the third derivative of z**6/60 - z**5/20 + z**4/8 - z**3/6 - 10*z**2. Calculate t(k).
9
Suppose -3*x = 6 - 12. Suppose 5*o + 5*s = -150, x*o + 54 = -0*s + 4*s. Let n = o + 25. Let t(v) = -v**2 - v + 5. Determine t(n).
-7
Let h(r) = 15*r**3 + 10*r**2 - 9*r + 13. Let o(f) = -5*f**3 - 3*f**2 + 3*f - 4. Let q(w) = -2*h(w) - 7*o(w). What is q(1)?
5
Let c(o) = -44253*o**2 + 4 - o**3 + 44263*o**2 + 9 + o. Calculate c(10).
23
Let v(a) = 6*a - 1. Let p(x) = -8*x + 6. Let h be p(1). Determine v(h).
-13
Let w(j) = 0*j + 11 + 0*j - j. Let y = 1109 + -1103. Determine w(y).
5
Let p(j) = j**2 - 9*j + 2. Suppose 20*c - 15*c = 40. Let g(w) = -2*w**2 + 15*w + 17. Let y be g(c). Determine p(y).
2
Let o(c) = 2*c**3 - 4*c**2 + 3*c. Suppose 5*n - 12 = n. Suppose -b - d = 4*d + n, d = -3*b + 5. Give o(b).
6
Let b(z) = -2*z + 5. Let p be b(4). Let n(y) = y + 7. Let i(x) = 7. Let f(u) = p*i(u) + 2*n(u). Calculate f(5).
3
Let f(t) = 3*t - 10. Let i(s) = s. Let k(o) = -f(o) + 2*i(o). Suppose 0 = -3*z - 3 - 3. Let a = z - -2. What is k(a)?
10
Let p(o) = 2*o**2 - 5*o + 5. Let s be p(2). Suppose -1 = 2*l + s. Let y(n) = -n**2 + n. Let g(h) = -4*h - 1. Let j(a) = -2*g(a) - 4*y(a). Determine j(l).
10
Suppose -40*t + 34*t = 48. Suppose -2*d = -3 + 29. Let f = d - t. Let k(a) = -a**2 - 7*a - 6. Determine k(f).
4
Let d(a) = -a - 2. Suppose 11*m - 6*m = 0. Suppose m*h - h = 0, 5*h = t - 2. Let v be 12/9*(-3)/t. Determine d(v).
0
Let u be (-13 + 0)/(2/(-2)). Let q(n) = -n**2 + 2*n**3 - n - n**3 - 16 + u. Let v = 82 - 82. Determine q(v).
-3
Suppose m + 2*m + 6 = 0. Let i(b) = 0 + b**2 + 17*b - 22*b + 6*b + 2. Calculate i(m).
4
Suppose z + 6 = 12. Let d be (-5)/25 - 21/(-5). Let b(x) = -1 + d + 3*x + 0 - 4*x. Determine b(z).
-3
Let t = -5 - 0. Let d(q) be the second derivative 